*3. Let p be v(-10). Let u = 18 + p. What is the units digit of u?
2
Let p(a) = -78*a - 347. What is the tens digit of p(-13)?
6
Suppose 2 = -n - 1, 2*n = -2*o. Suppose -2*r + 2*g = 57 - 203, 3*r - 243 = -o*g. What is the units digit of r?
7
Let p = 4832 + -2829. What is the thousands digit of p?
2
Let q = 355 - 148. Let l(y) = -8*y - 207 + q. What is the tens digit of l(-6)?
4
Let x = -110 - -665. What is the units digit of x?
5
Suppose 2*v - 3*n - 1804 = 1821, -2*n - 7270 = -4*v. What is the tens digit of v?
2
Suppose 0 = -49*w + 52*w - 4284. What is the units digit of w?
8
Let g(o) = -o**2 + 10*o - 18. Let q be g(8). What is the hundreds digit of (-20 - -4)*(q/1 - 9)?
1
Let t = 0 + 2. Suppose 3*u - t*u - 4 = 0, 0 = -5*r - 4*u + 26. Suppose -51 = -r*g + 11. What is the tens digit of g?
3
Suppose -64 = -3*d + 83. What is the tens digit of d?
4
Let s = 64 + -20. Let t = s + 136. What is the tens digit of t?
8
What is the units digit of 1740/5 - -4 - -6?
8
Suppose -1892 - 403 = -5*m. What is the units digit of m?
9
Let t be 48/28 - (-4)/14. Let y(k) = 2*k**3 + 3*k**2 - 2*k. Let p be y(t). Let q = -17 + p. What is the units digit of q?
7
Let i(y) = -y - 1. Let j(f) = f**2 - f - 4. Let w(v) = 6*i(v) - j(v). Let r be w(-4). Suppose r*x - 90 = -3*x. What is the tens digit of x?
1
Let w(d) be the second derivative of d**4/6 + 11*d**3/6 + d**2 + d. What is the tens digit of w(-8)?
4
Let j be (-4991)/(-46)*(0 - -1 - -1). Let k = -44 + j. What is the units digit of k?
3
Let w be 30/(-5)*(-10)/12. Suppose w*y = -2 + 12, -u + 59 = -4*y. What is the units digit of u?
7
Suppose -541*v + 539*v = -7848. What is the thousands digit of v?
3
Let z(x) = -17*x - 7*x - 34 - 11*x. What is the units digit of z(-5)?
1
Let l(v) = -v**3 - 7*v**2 + 7*v - 1. Let q be l(-8). Let y(p) = 2*p + 3. What is the units digit of y(q)?
7
What is the thousands digit of ((-167075)/41)/(1 - 2)?
4
Let k be 135/(-10) + (-2)/4. Let x = k - -32. What is the units digit of x?
8
Let w be 7 + -7 + 1 + 1 + 2. Suppose 0*m - t - 17 = -4*m, 0 = -5*m + 3*t + 30. Suppose -3*r = w*x + x - 39, 0 = -r - m*x + 9. What is the tens digit of r?
1
Let h(m) = m + 7. Let x be h(5). What is the tens digit of ((-40)/x)/(1/(-9))?
3
Let w(b) = 10*b**2 + 1. Let v be w(1). Suppose -5*t + v = -2*i, 3*t = -t + 12. Suppose i*s - 7*s = -40. What is the units digit of s?
8
Let w be (-30)/(-4) + (-63)/18. Suppose 5*a = -4*k + 41, 0 = k - 5*a + 12 + 9. Suppose w*s - 57 = 3*u, k*u = -13 + 33. What is the units digit of s?
8
Let z(d) = 637*d - 9. What is the units digit of z(4)?
9
Suppose -42 = -5*j - 147. Let h = 25 + j. Suppose -4*x = -4*k + 28, -4*x + 74 = h*k + 22. What is the units digit of k?
0
Suppose -5*n = -24 - 16. What is the tens digit of (-380)/(-8)*n/10?
3
Let c = -26 + 377. What is the units digit of c?
1
Let x be (-2)/3 + 14/3. Suppose -n = -26 + x. What is the units digit of n?
2
Suppose -9*p - 58 = -13. Let o(t) = -t**3 + 2*t**2 + 5*t - 3. Let c be o(3). Let n = c - p. What is the units digit of n?
8
Let y = 6 - 2. Let z = -3 - -15. Suppose y*x - x = z. What is the units digit of x?
4
Let h(p) be the first derivative of 5*p**3/3 + 2*p**2 + 3*p + 13. What is the units digit of h(-8)?
1
Suppose 393 = 3*u + 3*n, n = 8*u - 11*u + 389. What is the units digit of u?
9
Let a = -508 - -2655. What is the units digit of a?
7
What is the units digit of 1443/4 - (4/(-16) + 1)?
0
Let t be 5/(-15) - 53/3. Suppose 45 = -3*f + 2*f. What is the units digit of ((-36)/(-10))/(t/f)?
9
Let d = -2070 + 4470. What is the tens digit of d?
0
Let c(j) = 3*j + 3. Let q(s) = s + 2. Let l(a) = -2*c(a) + 5*q(a). Let k be l(6). Let r = k - -19. What is the units digit of r?
7
Let u(i) = 71*i + 13. Let m be u(3). What is the units digit of m - (3/(-4) - 1/4)?
7
Let m(j) = 6*j - 9. Let o = -60 - -76. What is the tens digit of m(o)?
8
Let l = 25 + -25. Suppose -5*j + 3*n = 87, l*j - 3*j = n + 55. Let s(d) = d**3 + 19*d**2 + 17*d - 2. What is the units digit of s(j)?
6
Suppose 313 = -9*l + 1969. What is the tens digit of l?
8
Let b be (1/(-3))/(3/(-18)). What is the tens digit of 55 + b*(-3)/6?
5
Suppose 3*s - 12 = 5*s. Let l(x) = -6*x - 10. Let y(i) = 7*i + 11. Let a(o) = 6*l(o) + 5*y(o). What is the units digit of a(s)?
1
Let n(b) = 59*b**2 + 2. Let d(s) = -30*s**2 - 1. Suppose 3*a + 3 = -6. Let w(c) = a*n(c) - 7*d(c). What is the tens digit of w(1)?
3
Let w(d) = -6*d**2 + 9*d - 2. Let t(f) = -7*f**2 + 9*f - 3. Let r(i) = 4*t(i) - 5*w(i). Suppose 4*y + 0*y - 28 = 0. What is the units digit of r(y)?
3
Suppose -7 + 2 = -c. Suppose 4*r - 56 = -4*s + 44, -s - 113 = -c*r. Let b = r - -21. What is the tens digit of b?
4
Let g = -14 + 14. Suppose 6 = t + 3*v, 2*t - 2*v = -g*t + 4. Suppose 6 = m + t. What is the units digit of m?
3
Suppose 0 = -961*c + 968*c - 3094. What is the hundreds digit of c?
4
Let m = 47 - 36. Let u(f) = 3*f + 5 - f**2 + 3*f + 6*f. What is the units digit of u(m)?
6
Let s = 892 - 297. What is the tens digit of s?
9
Suppose v + 5005 = 4*k - 3543, -4*k - 3*v + 8548 = 0. What is the units digit of k?
7
Let o = 368 - 365. Suppose 2*k + 0 = 3*m + 1, -3*k + 34 = 2*m. Suppose -k*i + o*i + 155 = 0. What is the tens digit of i?
3
Let s = 32 - 20. Let w be 32/s + 2/6. Suppose 5*m = -4*i + 69, -4*i - m = -w*m - 34. What is the tens digit of i?
1
What is the units digit of (414/(-4))/((-15)/30)?
7
Let s(n) = -8*n - 5. Let a be s(-1). Suppose -2*q + j + 254 = 0, -a*q + 0*j + 381 = -j. What is the hundreds digit of q?
1
What is the tens digit of 2073 - ((-46)/(-69))/((-2)/(-18))?
6
Suppose 0*q = -3*q. Let o be q - -2 - 8/2. What is the units digit of (-1062)/(-30) - o/(-5)?
5
Let y(v) = 3*v**3 + v**2 - 1. Let f be y(1). Suppose 7*p - 104 = -w + 2*p, w - f*p - 96 = 0. What is the units digit of w?
9
Suppose -3068 = -17*m + 213. What is the tens digit of m?
9
Let n(x) = 2*x**3 - 21*x**2 + 17*x + 43. What is the hundreds digit of n(14)?
6
Let a be (23/92)/(1 + 22/(-24)). Suppose a*g = 8*g + 3*w - 280, -g + 3*w + 56 = 0. What is the units digit of g?
6
Let b = -196 + 662. What is the tens digit of b?
6
Let u(v) = 3*v + 28. Let p be u(-9). Let g(f) = 39*f**2 - 3*f + 3. What is the units digit of g(p)?
9
Let x be (0/1)/(-1 - -5). Suppose 2*n + 2 - 10 = x, -2*f + 3*n = 68. What is the tens digit of f/70 - (-464)/10?
4
Suppose 4*u + 3*i + 24 = 2*i, -3*i = 3*u + 27. Let z = u + 9. Suppose z*a - 2*m = 74, 5*a + 3*m - m = 97. What is the units digit of a?
9
Suppose 11*h = 6*h + 750. Suppose 5*x - 11*x + h = 0. What is the tens digit of x?
2
Suppose -200*x + 6426 = -191*x. What is the tens digit of x?
1
Let q(h) = h**3 + 27*h**2 + 17*h + 64. What is the units digit of q(-25)?
9
Let c(l) = -l**3 - 19*l**2 - 20*l + 12. Let o be c(-18). Suppose -h + o = 4*r + 7, -h + 65 = -4*r. What is the tens digit of h?
5
Let x = 260 + 178. What is the hundreds digit of x?
4
Let n(v) = -v**3 + 20*v**2 - 24*v + 15. Let k be n(19). What is the units digit of (-77)/22*k/2?
0
What is the units digit of 3048/(1/((-6)/(-12)))?
4
Suppose -t = 3*g - 35, 0*g + 148 = 4*t + 4*g. Suppose -5*o + 2*a = -t, 7*a = -4*o + 3*a + 8. What is the units digit of o?
6
Let f = -114 - -117. Suppose -4*u + o + 364 = 0, f*u - 2*o + 37 = 310. What is the tens digit of u?
9
Let x be 2 + (-4)/((-8)/14). Let g(y) = -y**3 + y**2 + 2. Let c be g(3). Let k = x - c. What is the units digit of k?
5
What is the tens digit of (16 - 19) + 0 + 5414?
1
Let y = 351 - 198. Let z = y - 80. What is the tens digit of z?
7
Let c = -162 + 83. Let x = c + 164. What is the tens digit of x?
8
Let s(d) = 0*d + 29*d**2 - 26*d**2 + 2*d + 4*d + 17. What is the tens digit of s(-7)?
2
Let g(s) = s**3 + 15*s**2 + 5*s - 14. Let b be g(-6). Let h = b + -141. What is the hundreds digit of h?
1
Suppose 7173 = 14*f - 2557. What is the units digit of f?
5
Let v(u) = -15*u**2. Let d be v(-2). Let c = -105 - d. Let w = c - -85. What is the tens digit of w?
4
Let n(f) = f**3 + 5*f**2 + 2*f - 4. Let j be n(-4). Let y(d) = d - 1. Let i(v) = 2*v**2 - 6*v + 2. Let o(l) = i(l) + 3*y(l). What is the tens digit of o(j)?
1
Suppose 0 = -i + 9 + 3. Suppose 0 = 4*x + i, 2*o + 0*x = -x + 1. What is the units digit of o/(-4)*(-10 - 0)?
5
What is the tens digit of (-15)/(7/((-2128)/24))?
9
Let b = -26 - -38. Let d be (-28)/b - 2/(-6). W